{"id":15106,"date":"2024-11-25T17:12:15","date_gmt":"2024-11-25T20:12:15","guid":{"rendered":"https:\/\/www.mundohidraulico.cl\/tienda\/?post_type=product&#038;p=15106"},"modified":"2026-01-08T12:40:04","modified_gmt":"2026-01-08T15:40:04","slug":"cloro-tabletas-triple-accion-1k","status":"publish","type":"product","link":"https:\/\/www.mundohidraulico.cl\/tienda\/product\/cloro-tabletas-triple-accion-1k\/","title":{"rendered":"CLORO TABLETAS TRIPLE ACCI\u00d3N 1K"},"content":{"rendered":"<p>Las tabletas de Cloro Triple Acci\u00f3n\u00a0 son la soluci\u00f3n ideal para mantener el agua de su piscina en condiciones higi\u00e9nicas \u00f3ptimas. Con una alta concentraci\u00f3n de cloro del 90%, estas pastillas de disoluci\u00f3n lenta garantizan una desinfecci\u00f3n efectiva y prolongada. Su formato en pastillas permite una f\u00e1cil dosificaci\u00f3n, ya sea en skimmers dosificadores o directamente en el agua, asegurando una distribuci\u00f3n uniforme del cloro. Adem\u00e1s, su acci\u00f3n alguicida ayuda a prevenir el crecimiento de algas, manteniendo el agua cristalina y saludable. Este producto, presentado en un pr\u00e1ctico envase de 20 kg, es nuevo y no inflamable, lo que lo convierte en una opci\u00f3n segura y eficiente para el cuidado de su piscina. Con Cloro Triple Acci\u00f3n, disfrute de un ambiente acu\u00e1tico limpio y refrescante durante toda la temporada.<\/p>\n","protected":false},"excerpt":{"rendered":"<p>Las tabletas de Cloro Triple Acci\u00f3n\u00a0 son la soluci\u00f3n ideal para mantener el agua de su piscina en condiciones higi\u00e9nicas \u00f3ptimas. Con una alta concentraci\u00f3n de cloro del 90%, estas pastillas de disoluci\u00f3n lenta garantizan una desinfecci\u00f3n efectiva y prolongada. Su formato en pastillas permite una f\u00e1cil dosificaci\u00f3n, ya sea en skimmers dosificadores o directamente [&hellip;]<\/p>\n","protected":false},"featured_media":15107,"comment_status":"closed","ping_status":"closed","template":"","meta":{"site-sidebar-layout":"default","site-content-layout":"default","ast-site-content-layout":"default","site-content-style":"default","site-sidebar-style":"default","ast-global-header-display":"","ast-banner-title-visibility":"","ast-main-header-display":"","ast-hfb-above-header-display":"","ast-hfb-below-header-display":"","ast-hfb-mobile-header-display":"","site-post-title":"","ast-breadcrumbs-content":"","ast-featured-img":"","footer-sml-layout":"","ast-disable-related-posts":"","theme-transparent-header-meta":"","adv-header-id-meta":"","stick-header-meta":"","header-above-stick-meta":"","header-main-stick-meta":"","header-below-stick-meta":"","astra-migrate-meta-layouts":"default","ast-page-background-enabled":"default","ast-page-background-meta":{"desktop":{"background-color":"","background-image":"","background-repeat":"repeat","background-position":"center center","background-size":"auto","background-attachment":"scroll","background-type":"","background-media":"","overlay-type":"","overlay-color":"","overlay-opacity":"","overlay-gradient":""},"tablet":{"background-color":"","background-image":"","background-repeat":"repeat","background-position":"center center","background-size":"auto","background-attachment":"scroll","background-type":"","background-media":"","overlay-type":"","overlay-color":"","overlay-opacity":"","overlay-gradient":""},"mobile":{"background-color":"","background-image":"","background-repeat":"repeat","background-position":"center center","background-size":"auto","background-attachment":"scroll","background-type":"","background-media":"","overlay-type":"","overlay-color":"","overlay-opacity":"","overlay-gradient":""}},"ast-content-background-meta":{"desktop":{"background-color":"var(--ast-global-color-5)","background-image":"","background-repeat":"repeat","background-position":"center center","background-size":"auto","background-attachment":"scroll","background-type":"","background-media":"","overlay-type":"","overlay-color":"","overlay-opacity":"","overlay-gradient":""},"tablet":{"background-color":"var(--ast-global-color-5)","background-image":"","background-repeat":"repeat","background-position":"center center","background-size":"auto","background-attachment":"scroll","background-type":"","background-media":"","overlay-type":"","overlay-color":"","overlay-opacity":"","overlay-gradient":""},"mobile":{"background-color":"var(--ast-global-color-5)","background-image":"","background-repeat":"repeat","background-position":"center center","background-size":"auto","background-attachment":"scroll","background-type":"","background-media":"","overlay-type":"","overlay-color":"","overlay-opacity":"","overlay-gradient":""}}},"product_brand":[],"product_cat":[80],"product_tag":[],"class_list":{"0":"post-15106","1":"product","2":"type-product","3":"status-publish","4":"has-post-thumbnail","6":"product_cat-quimicos","7":"desktop-align-left","8":"tablet-align-left","9":"mobile-align-left","11":"first","12":"instock","13":"shipping-taxable","14":"purchasable","15":"product-type-simple"},"_links":{"self":[{"href":"https:\/\/www.mundohidraulico.cl\/tienda\/wp-json\/wp\/v2\/product\/15106","targetHints":{"allow":["GET"]}}],"collection":[{"href":"https:\/\/www.mundohidraulico.cl\/tienda\/wp-json\/wp\/v2\/product"}],"about":[{"href":"https:\/\/www.mundohidraulico.cl\/tienda\/wp-json\/wp\/v2\/types\/product"}],"replies":[{"embeddable":true,"href":"https:\/\/www.mundohidraulico.cl\/tienda\/wp-json\/wp\/v2\/comments?post=15106"}],"wp:featuredmedia":[{"embeddable":true,"href":"https:\/\/www.mundohidraulico.cl\/tienda\/wp-json\/wp\/v2\/media\/15107"}],"wp:attachment":[{"href":"https:\/\/www.mundohidraulico.cl\/tienda\/wp-json\/wp\/v2\/media?parent=15106"}],"wp:term":[{"taxonomy":"product_brand","embeddable":true,"href":"https:\/\/www.mundohidraulico.cl\/tienda\/wp-json\/wp\/v2\/product_brand?post=15106"},{"taxonomy":"product_cat","embeddable":true,"href":"https:\/\/www.mundohidraulico.cl\/tienda\/wp-json\/wp\/v2\/product_cat?post=15106"},{"taxonomy":"product_tag","embeddable":true,"href":"https:\/\/www.mundohidraulico.cl\/tienda\/wp-json\/wp\/v2\/product_tag?post=15106"}],"curies":[{"name":"wp","href":"https:\/\/api.w.org\/{rel}","templated":true}]}}